4127?
874127
What are the prime factors of 591098?
2, 337, 877
What are the prime factors of 3189457?
97, 131, 251
List the prime factors of 2061577.
7, 42073
List the prime factors of 1099737.
3, 13577
List the prime factors of 18298925.
5, 731957
What are the prime factors of 9081641?
233, 38977
List the prime factors of 14605705.
5, 29, 263, 383
List the prime factors of 1342247.
1342247
List the prime factors of 666886.
2, 11, 30313
List the prime factors of 23049982.
2, 1867, 6173
What are the prime factors of 74299?
191, 389
List the prime factors of 1335146.
2, 17, 107, 367
What are the prime factors of 48534?
2, 3, 8089
List the prime factors of 3109792.
2, 7, 13883
What are the prime factors of 213692?
2, 41, 1303
List the prime factors of 167791.
13, 12907
What are the prime factors of 1876475?
5, 47, 1597
What are the prime factors of 1191718?
2, 11, 19, 2851
List the prime factors of 2863661.
19, 23, 6553
List the prime factors of 20065594.
2, 71, 141307
List the prime factors of 7595576.
2, 47, 20201
What are the prime factors of 208270?
2, 5, 59, 353
List the prime factors of 1352622.
2, 3, 17, 89, 149
What are the prime factors of 528035?
5, 105607
What are the prime factors of 261135?
3, 5, 7, 829
List the prime factors of 16838462.
2, 8419231
What are the prime factors of 24621173?
24621173
List the prime factors of 41263229.
7, 353, 16699
What are the prime factors of 7401433?
13, 127, 4483
What are the prime factors of 1124378?
2, 23, 24443
What are the prime factors of 1604646?
2, 3, 239, 373
What are the prime factors of 9691381?
7, 349, 3967
What are the prime factors of 163873?
37, 43, 103
What are the prime factors of 4208449?
7, 601207
List the prime factors of 5939214.
2, 3, 989869
List the prime factors of 4748134.
2, 17, 359, 389
List the prime factors of 8461788.
2, 3, 463, 1523
List the prime factors of 95054.
2, 47527
List the prime factors of 93156.
2, 3, 7, 1109
List the prime factors of 28057893.
3, 2221, 4211
What are the prime factors of 311399?
11, 28309
List the prime factors of 453386.
2, 29, 7817
List the prime factors of 5193696.
2, 3, 54101
What are the prime factors of 669103?
17, 39359
What are the prime factors of 526741?
526741
What are the prime factors of 2019477?
3, 79, 8521
What are the prime factors of 831081?
3, 139, 1993
What are the prime factors of 172190?
2, 5, 67, 257
List the prime factors of 1947573.
3, 216397
List the prime factors of 2874722.
2, 43, 33427
List the prime factors of 344894.
2, 11, 61, 257
List the prime factors of 13577083.
13, 1044391
List the prime factors of 25926840.
2, 3, 5, 72019
What are the prime factors of 797176?
2, 251, 397
List the prime factors of 8127255.
3, 5, 541817
What are the prime factors of 31048215?
3, 5, 11, 188171
What are the prime factors of 1600237?
19, 84223
List the prime factors of 116279.
116279
What are the prime factors of 6668732?
2, 7, 37, 41, 157
What are the prime factors of 806931?
3, 89659
What are the prime factors of 158240?
2, 5, 23, 43
List the prime factors of 1098398.
2, 7, 67, 1171
What are the prime factors of 100898?
2, 7, 7207
List the prime factors of 766431.
3, 85159
List the prime factors of 1284974.
2, 642487
List the prime factors of 148984.
2, 11, 1693
What are the prime factors of 12758840?
2, 5, 17, 29, 647
What are the prime factors of 958630?
2, 5, 17, 5639
List the prime factors of 2033268.
2, 3, 17, 9967
What are the prime factors of 2866127?
11, 23687
List the prime factors of 679035.
3, 5, 7, 29, 223
What are the prime factors of 5843546?
2, 17, 171869
What are the prime factors of 111908?
2, 101, 277
List the prime factors of 667137.
3, 222379
List the prime factors of 1863263.
1863263
List the prime factors of 29658515.
5, 311, 19073
List the prime factors of 24215480.
2, 5, 17, 149, 239
List the prime factors of 4624987.
4624987
What are the prime factors of 815566?
2, 407783
List the prime factors of 1979698.
2, 7, 20201
What are the prime factors of 1152029?
1152029
List the prime factors of 432131.
7, 8819
List the prime factors of 242825.
5, 11, 883
List the prime factors of 498067.
173, 2879
List the prime factors of 1924689.
3, 13, 17, 2903
List the prime factors of 5261056.
2, 20551
What are the prime factors of 4221589?
37, 71, 1607
List the prime factors of 111141.
3, 53, 233
List the prime factors of 2357374.
2, 127, 9281
List the prime factors of 548354.
2, 274177
List the prime factors of 1301531.
7, 11, 16903
List the prime factors of 3804063.
3, 677, 1873
List the prime factors of 5516048.
2, 344753
List the prime factors of 1415560.
2, 5, 43, 823
What are the prime factors of 868871?
23, 37, 1021
What are the prime factors of 198736?
2, 12421
What are the prime factors of 23187?
3, 59, 131
List the prime factors of 1956714.
2, 3, 326119
What are the prime factors of 14401504?
2, 13, 2663
What are the prime factors of 167469?
3, 55823
What are the prime factors of 256942?
2, 7, 18353
What are the prime factors of 31984511?
13, 157, 15671
What are the prime factors of 2936911?
89, 32999
List the prime factors of 2093675.
5, 83, 1009
What are the prime factors of 30138691?
11, 2739881
List the prime factors of 4745.
5, 13, 73
List the prime factors of 1846249.
19, 97171
What are the prime factors of 403224?
2, 3, 53, 317
List the prime factors of 127837.
127837
List the prime factors of 668876.
2, 13, 19, 677
List the prime factors of 750003.
3, 53, 89
List the prime factors of 922531.
922531
List the prime factors of 378354.
2, 3, 63059
What are the prime factors of 271924?
2, 157, 433
What are the prime factors of 21677389?
21677389
List the prime factors of 6806162.
2, 11, 309371
List the prime factors of 349560.
2, 3, 5, 971
What are the prime factors of 847164?
2, 3, 227, 311
What are the prime factors of 244546?
2, 122273
List the prime factors of 2973045.
3, 5, 17, 89, 131
List the prime factors of 251341.
37, 6793
What are the prime factors of 22711495?
5, 29, 156631
List the prime factors of 2545360.
2, 5, 31817
What are the prime factors of 2150850?
2, 3, 5, 13, 1103
What are the prime factors of 7050535?
5, 23, 37, 1657
What are the prime factors of 9125973?
3, 337999
What are the prime factors of 13655328?
2, 3, 103, 1381
What are the prime factors of 18477337?
53, 348629
What are the prime factors of 27686?
2, 109, 127
What are the prime factors of 16579?
59, 281
What are the prime factors of 3605023?
421, 8563
List the prime factors of 137056.
2, 4283
What are the prime factors of 436727?
436727
What are the prime factors of 16541265?
3, 5, 13, 84827
What are the prime factors of 197182?
2, 19, 5189
List the prime factors of 201508.
2, 50377
List the prime factors of 5042588.
2, 857, 1471
List the prime factors of 2725744.
2, 7, 24337
List the prime factors of 37450.
2, 5, 7, 107
List the prime factors of 212624.
2, 97, 137
What are the prime factors of 1729692?
2, 3, 23, 2089
List the prime factors of 52984.
2, 37, 179
What are the prime factors of 499329?
3, 109, 509
List the prime factors of 7932084.
2, 3, 331, 1997
List the prime factors of 1153802.
2, 13, 199, 223
List the prime factors of 2410308.
2, 3, 23, 41, 71
What are the prime factors of 123060?
2, 3, 5, 7, 293
List the prime factors of 3561142.
2, 13, 29, 4723
What are the prime factors of 3855201?
3, 7, 183581
What are the prime factors of 301228?
2, 75307
List the prime factors of 801953.
787, 1019
List the prime factors of 3394635.
3, 5, 19, 43, 277
What are the prime factors of 729518?
2, 364759
What are the prime factors of 70830?
2, 3, 5, 787
List the prime factors of 550707.
3, 183569
List the prime factors of 4625351.
1523, 3037
What are the prime factors of 222506?
2, 111253
List the prime factors of 62372.
2, 31, 503
What are the prime factors of 245995?
5, 49199
List the prime factors of 290218.
2, 145109
List the prime factors of 1294384.
2, 7, 13, 127
List the prime factors of 213106.
2, 127, 839
What are the prime factors of 27458734?
2, 23, 596929
List the prime factors of 901782.
2, 3, 7, 17, 421
List the prime factors of 419795.
5, 113, 743
List the prime factors of 161775.
3, 5, 719
List the prime factors of 202229.
43, 4703
What are the prime factors of 264319?
11, 24029
List the prime factor